base 14, what is -45a6 + 62b?
-3d79
In base 3, what is 1 - -2002210220211010?
2002210220211011
In base 10, what is 4 - -12621048?
12621052
In base 11, what is 445 - 223271?
-222927
In base 4, what is -100331 - -201110?
100113
In base 2, what is 1100001010101011000010 - 100?
1100001010101010111110
In base 16, what is 2 + 188785e5?
188785e7
In base 14, what is 174d0 - 12b3?
1621b
In base 5, what is -1041 - 124012014?
-124013110
In base 15, what is -1 - 20e11d?
-20e11e
In base 3, what is -1 + 12202110002021?
12202110002020
In base 13, what is -8463b7b + 0?
-8463b7b
In base 12, what is 34471a3b + 0?
34471a3b
In base 16, what is 1f + -9c03e?
-9c01f
In base 11, what is 2926 + 3357?
6182
In base 10, what is 619968 + -200?
619768
In base 13, what is a4953 + 9?
a495c
In base 16, what is 18 + -242a?
-2412
In base 15, what is 95 - 3a062?
-39ebc
In base 12, what is -76 + -170b9?
-17173
In base 15, what is -6990c0 + 2?
-6990bd
In base 6, what is -122042 + 2555?
-115043
In base 11, what is -33 + -2657315?
-2657348
In base 13, what is -87282 - 18?
-8729a
In base 15, what is -6b043 + -10?
-6b053
In base 16, what is -248cd10 - -5?
-248cd0b
In base 5, what is -3130400 + 42?
-3130303
In base 7, what is 1033013 + 445?
1033461
In base 8, what is 170464764 - -5?
170464771
In base 6, what is 40305543330 + -2?
40305543324
In base 15, what is 3bd - -22de3?
232b1
In base 4, what is -102213022110 + 3?
-102213022101
In base 14, what is 2a7d - -25a79?
28718
In base 11, what is -140676a - a?
-1406779
In base 11, what is -23a115 + 50?
-23a075
In base 16, what is -8302fa + 2?
-8302f8
In base 8, what is 42046 - -4162?
46230
In base 8, what is 10615 + -1000?
7615
In base 16, what is 113066 - 9?
11305d
In base 15, what is 15 + -27321c?
-273207
In base 9, what is -1 + -488508582?
-488508583
In base 2, what is 1010011111000000111000 + 101?
1010011111000000111101
In base 10, what is -863 + -4294?
-5157
In base 14, what is 130 + -54b40d?
-54b2bd
In base 14, what is -1b7bcb6 + -2?
-1b7bcb8
In base 8, what is 731 - 7252421?
-7251470
In base 3, what is 2001121121 - 2211?
2001111210
In base 5, what is 10332233 + 0?
10332233
In base 8, what is -1530707 - -334?
-1530353
In base 11, what is 105 - 7911?
-7807
In base 6, what is -2 + 42314450541?
42314450535
In base 16, what is 0 + 2ff706?
2ff706
In base 3, what is 20220111 - -222002221?
1020000102
In base 3, what is 22212122120 + -10202022?
22201220021
In base 10, what is -1223492 - -102?
-1223390
In base 13, what is -3 + 62c136?
62c133
In base 4, what is 302301 - -133310?
1102211
In base 14, what is -a97a7 + -259?
-a9a22
In base 8, what is -370015672 - 0?
-370015672
In base 13, what is 102640a - 2?
1026408
In base 8, what is 40 + 151632031?
151632071
In base 13, what is -3b3b0a0 - 5?
-3b3b0a5
In base 2, what is -1101111111 - -100110011110011?
100100101110100
In base 11, what is -9 - -246596?
246588
In base 11, what is -222425 - 85?
-2224aa
In base 6, what is -230210433 - -13?
-230210420
In base 14, what is 9665a3 + -4?
96659d
In base 9, what is 6 + 28708847?
28708854
In base 6, what is -10333230 - 203?
-10333433
In base 12, what is -42 + 53986?
53944
In base 15, what is 69 - -2394e6?
239560
In base 7, what is -4342464 - -4253?
-4335211
In base 8, what is -1 + -12272730?
-12272731
In base 10, what is -3 - 4881364?
-4881367
In base 7, what is -6602131344 - -5?
-6602131336
In base 8, what is 17 - 34511412?
-34511373
In base 5, what is -1 - -342240143121?
342240143120
In base 3, what is -111210021 - -2110022?
-102022222
In base 5, what is -2 - -1131024030?
1131024023
In base 5, what is -12 - 4403223021?
-4403223033
In base 3, what is 11000021211210 + -10?
11000021211200
In base 4, what is 213 + 23311020?
23311233
In base 10, what is 7 - 4479056?
-4479049
In base 12, what is -4 + 7b241b?
7b2417
In base 5, what is -11 - -124220223020?
124220223004
In base 14, what is -1 - 28807a?
-28807b
In base 14, what is -2987358b - -1?
-2987358a
In base 14, what is 3 + -172a579?
-172a576
In base 12, what is 510 + -55b4?
-50a4
In base 2, what is 11101110101110100 - 11001101111?
11101011100000101
In base 15, what is 8 - -d1a2e9?
d1a302
In base 15, what is 1b57 + 31e98?
33b00
In base 5, what is 0 - -241013121201?
241013121201
In base 15, what is -7b + -842?
-8bd
In base 3, what is 1 - 20000111111201?
-20000111111200
In base 12, what is 386aa + -702?
37ba8
In base 10, what is -64079 + -589?
-64668
In base 14, what is 814ca80d - -1?
814ca810
In base 14, what is 1d73b - 12?
1d729
In base 3, what is -1222212010011020 + -100?
-1222212010011120
In base 6, what is 10350232 + -4?
10350224
In base 2, what is -100111011100 + 1100001100101001?
1011100101001101
In base 11, what is -2111703 + -5?
-2111708
In base 16, what is -1 + 26bb6?
26bb5
In base 6, what is -4431 + -555021?
-1003452
In base 15, what is 2b6c - 8?
2b64
In base 5, what is 33 + 20440110030?
20440110113
In base 3, what is 101100121010021 - -11?
101100121010102
In base 15, what is 5 + 31da1?
31da6
In base 11, what is -14aa71a4 - 2?
-14aa71a6
In base 6, what is 2 + -2144552040?
-2144552034
In base 5, what is -1211 - 24213314?
-24220030
In base 16, what is c - 1b27160?
-1b27154
In base 10, what is 74 - 800518?
-800444
In base 16, what is 9 - 688ed?
-688e4
In base 12, what is 18a79 - 74?
18a05
In base 6, what is -3 + -505025245?
-505025252
In base 9, what is -152577448 - 11?
-152577460
In base 8, what is 26 - -130346714?
130346742
In base 6, what is -2 - 1535202?
-1535204
In base 11, what is -16378 - -4312?
-12066
In base 10, what is -5916 + 1971?
-3945
In base 8, what is -2207411 - -2?
-2207407
In base 8, what is 104427104 + -1?
104427103
In base 12, what is -177409 + 4?
-177405
In base 14, what is -11c9b + -19?
-11cb6
In base 5, what is 20240233003 - -2?
20240233010
In base 4, what is -322322230 - 331?
-322323221
In base 3, what is -10111211110200 + 1211?
-10111211101212
In base 8, what is -1722157 - -15?
-1722142
In base 16, what is -28b5a9a + -8?
-28b5aa2
In base 6, what is -154 + -12322545?
-12323143
In base 7, what is 2312 + 202440?
205052
In base 15, what is 427751 - -1d?
42776e
In base 7, what is -563 - -1614?
1021
In base 10, what is -277534943 + 4?
-277534939
In base 6, what is 355412425 - 22?
355412403
In base 13, what is 3a + 37aa0?
37b0a
In base 3, what is -1 - 2101222022201210?
-2101222022201211
In base 15, what is 5 - -cd496b?
cd4971
In base 15, what is 1a4e - -440?
1e8e
In base 5, what is -20202 + -10212423?
-10233130
In base 4, what is 2330322 + -312121?
2012201
In base 5, what is 242 - 211013420?
-211013123
In base 13, what is 10687 - -ac0?
11477
In base 10, what is 5 + 1194668?
1194673
In base 8, what is 120 - -2553424?
2553544
In base 11, what is 99280 - 848?
98533
In base 5, what is 1 - 1210403313?
-1210403312
In base 13, what is -10041 + -395?
-10406
In base 9, what is 0 - 68781078?
-68781078
In base 16, what is -1 + -a40dac?
-a40dad
In base 10, what is -146641683 + -4?
-146641687
In base 5, what is -2 - -4202343441?
4202343434
In base 8, what is -4312 - -13127?
6615
In base 6, what is -24014 - 1124523?
-1152541
In base 2, what is 111010 - 101000010001001000100110?
-101000010001000111101100
In base 3, what is 112201 - -2202200222?
2210020200
In base 9, what is -1 - 2457488?
-2457500
In base 3, what is -2 - 2001102020200221?
-2001102020201000
In base 7, what is 151145122 - 216?
151144603
In base 12, what is 3015a - -135?
30293
In base 4, what is 1313322321322 - 1?
1313322321321
In base 5, what is -1 - 342022420244?
-342022420300
In base 12, what is -673a487 + 1?
-673a486
In base 10, what is -33 - 18550833?
-18550866
In base 13, what is -157882a - 14?
-1578841
In base 15, what is -82 + 12ec4?
12e42
In base 14, what is -74 + 48c768?
48c6d4
In base 15, what is b - -3349?
3355
In base 6, what is -14542531 + 44?
-14542443
In base 3, what is -220120 - 222221010101?
-222222000221
In base 13, what is 8a24968 + 2?
8a2496a
In base 2, what is 100101010110010011101110 + 100?
100101010110010011110010
In base 9, what is -282 + 6226?
5834
In base 13, what is -3 + 85a33?
85a30
In base 4, what is 10013 - -2023012121?
2023022200
In base 14, what is -17c1a - 22?
-17c3c
In base 5, what is -21013022 + -344?
-21013421
In base 3, what is -1 - -20001020102120221?
20001020102120220
In base 7, what is -42215001